{"id":7700,"date":"2026-01-18T16:02:53","date_gmt":"2026-01-18T16:02:53","guid":{"rendered":"https:\/\/cardiologylibrary.com\/?product=ecocardiografia-facil-studentconsult-3a-ed"},"modified":"2026-01-18T16:27:25","modified_gmt":"2026-01-18T16:27:25","slug":"ecocardiografia-facil-studentconsult-3a-ed","status":"publish","type":"product","link":"https:\/\/cardiologylibrary.com\/?product=ecocardiografia-facil-studentconsult-3a-ed","title":{"rendered":"Ecocardiograf\u00eda f\u00e1cil"},"content":{"rendered":"<div>\n<div>\n<div>\n<ul>\n<li>\n<div>\n<ul class=\"a-unordered-list a-vertical\">\n<li><span class=\"a-list-item\">Incorpora los \u00faltimos avances en el campo, incluidas las enfermedades del coraz\u00f3n y de la aorta, y tratamientos como la terapia de resincronizaci\u00f3n card\u00edaca (TRC) y la implantaci\u00f3n de v\u00e1lvula a\u00f3rtica transcat\u00e9ter (TAVI).<\/span><\/li>\n<li><span class=\"a-list-item\">Recoge las \u00faltimas directrices internacionales publicadas. Incluye nuevos cap\u00edtulos de ecocardiograf\u00eda pedi\u00e1trica y de cardiopat\u00edas cong\u00e9nitas del adulto.<\/span><\/li>\n<li><span class=\"a-list-item\">Organiza el contenido de una forma l\u00f3gica para facilitar la lectura, la consulta y la asimilaci\u00f3n de los temas y las t\u00e9cnicas.<\/span><\/li>\n<li><span class=\"a-list-item\">Cuenta con im\u00e1genes de alta calidad para ilustrar los conceptos te\u00f3ricos.<\/span><\/li>\n<li><span class=\"a-list-item\">Proporciona consejos cl\u00ednicos pr\u00e1cticos para los no expertos.<\/span><\/li>\n<li><span class=\"a-list-item\">Incluye 60 preguntas de elecci\u00f3n m\u00faltiple en l\u00ednea (en ingl\u00e9s), casos cl\u00ednicos y exploraciones ecogr\u00e1ficas.<\/span><\/li>\n<li><span class=\"a-list-item\">Incluye el acceso a la versi\u00f3n electr\u00f3nica del libro en ingl\u00e9s. Este ebook permite acceder a todo el texto, las figuras, las referencias bibliogr\u00e1ficas y el contenido adicional.<\/span><\/li>\n<\/ul>\n<p>Esta gu\u00eda sencilla y muy accesible ser\u00e1 de gran utilidad para todos aquellos que solicitan o realizan ecocardiogramas.<\/p>\n<p>Escrita por el cardi\u00f3logo Sam Kaddoura, Ecocardiograf\u00eda f\u00e1cil proporciona una introducci\u00f3n completa para utilizar la ecocardiograf\u00eda con eficacia. Abarca los principios b\u00e1sicos de las t\u00e9cnicas utilizadas, las enfermedades y los tratamientos del coraz\u00f3n y de la aorta, y aporta consejos pr\u00e1cticos, como el modo de realizar e informar un ecocardiograma.<\/p>\n<p>Este elogiado libro, que ha sido totalmente actualizado en su cuarta edici\u00f3n, es una excelente herramienta de repaso para los profesionales con experiencia en ecocardiograf\u00eda, pero tambi\u00e9n para m\u00e9dicos en formaci\u00f3n y estudiantes de Medicina, cirujanos, m\u00e9dicos generales, fisi\u00f3logos, t\u00e9cnicos sanitarios, personal de enfermer\u00eda y param\u00e9dicos.<\/p>\n<\/div>\n<\/li>\n<\/ul>\n<\/div>\n<\/div>\n<\/div>\n","protected":false},"excerpt":{"rendered":"<p>Incorpora los \u00faltimos avances en el campo, incluidas las enfermedades del coraz\u00f3n y de la aorta, y tratamientos como la terapia de resincronizaci\u00f3n card\u00edaca (TRC) y la implantaci\u00f3n de v\u00e1lvula a\u00f3rtica transcat\u00e9ter (TAVI). Recoge las \u00faltimas directrices internacionales publicadas. Incluye nuevos cap\u00edtulos de ecocardiograf\u00eda pedi\u00e1trica y de cardiopat\u00edas cong\u00e9nitas del adulto. Organiza el contenido de [&hellip;]<\/p>\n","protected":false},"featured_media":7699,"comment_status":"open","ping_status":"closed","template":"","meta":[],"product_brand":[],"product_cat":[69],"product_tag":[],"class_list":{"0":"post-7700","1":"product","2":"type-product","3":"status-publish","4":"has-post-thumbnail","6":"product_cat-cardiologia","8":"first","9":"instock","10":"sale","11":"downloadable","12":"virtual","13":"purchasable","14":"product-type-simple"},"_links":{"self":[{"href":"https:\/\/cardiologylibrary.com\/index.php?rest_route=\/wp\/v2\/product\/7700","targetHints":{"allow":["GET"]}}],"collection":[{"href":"https:\/\/cardiologylibrary.com\/index.php?rest_route=\/wp\/v2\/product"}],"about":[{"href":"https:\/\/cardiologylibrary.com\/index.php?rest_route=\/wp\/v2\/types\/product"}],"replies":[{"embeddable":true,"href":"https:\/\/cardiologylibrary.com\/index.php?rest_route=%2Fwp%2Fv2%2Fcomments&post=7700"}],"wp:featuredmedia":[{"embeddable":true,"href":"https:\/\/cardiologylibrary.com\/index.php?rest_route=\/wp\/v2\/media\/7699"}],"wp:attachment":[{"href":"https:\/\/cardiologylibrary.com\/index.php?rest_route=%2Fwp%2Fv2%2Fmedia&parent=7700"}],"wp:term":[{"taxonomy":"product_brand","embeddable":true,"href":"https:\/\/cardiologylibrary.com\/index.php?rest_route=%2Fwp%2Fv2%2Fproduct_brand&post=7700"},{"taxonomy":"product_cat","embeddable":true,"href":"https:\/\/cardiologylibrary.com\/index.php?rest_route=%2Fwp%2Fv2%2Fproduct_cat&post=7700"},{"taxonomy":"product_tag","embeddable":true,"href":"https:\/\/cardiologylibrary.com\/index.php?rest_route=%2Fwp%2Fv2%2Fproduct_tag&post=7700"}],"curies":[{"name":"wp","href":"https:\/\/api.w.org\/{rel}","templated":true}]}}